x - 2668. Determine a(-111).
-4
Let g(o) = 12*o + 282. Determine g(-21).
30
Let b(o) = o**3 - 14*o**2 + 55*o - 861. What is b(14)?
-91
Let o(w) = 6*w - 25. What is o(5)?
5
Let q(y) = -15*y - 1929. What is q(-130)?
21
Let a(v) = 5*v**2 - 14*v - 573. Calculate a(12).
-21
Let q(l) = 14*l**2 - 11*l - 6. Give q(-2).
72
Let c(x) = -6*x**2 - 7*x - 121. Give c(-10).
-651
Let i(y) = 4*y**3 + 5*y**2 + 54*y + 115. Determine i(-2).
-5
Let c(j) = j**3 - 12*j**2 - 4*j + 18. Determine c(0).
18
Let i(k) = -k**3 - 20*k**2 - 62*k + 36. Give i(-15).
-159
Let m(n) = 3*n**2 - 123*n + 1000. Determine m(30).
10
Let i(q) = 2*q**3 - 142*q**2 - 8*q + 524. Determine i(71).
-44
Let g(a) = -71*a - 2155. Give g(-30).
-25
Let r(w) = -13*w - 271. What is r(-11)?
-128
Let p(f) = -f**3 - 8*f**2 - 11*f - 94. Determine p(-8).
-6
Let d(k) = -k**3 + 59*k**2 + 250*k + 63. Give d(63).
-63
Let g(n) = -n**3 - 9*n**2 - 17*n - 66. What is g(-8)?
6
Let r(j) = 13*j - 274. Calculate r(22).
12
Let p(y) = -y**2 - 48*y + 239. Determine p(-54).
-85
Let r(c) = -c**3 + 37*c**2 - 340*c + 88. What is r(21)?
4
Let v(a) = -8*a + 19. What is v(32)?
-237
Let g(m) = 86*m + 288. What is g(-4)?
-56
Let v(b) = -39*b**3 + 5*b - 9. What is v(2)?
-311
Let z(i) = 2*i**3 + 58*i**2 + 2*i - 27. Determine z(-29).
-85
Let f(q) = -52*q + 87. Give f(2).
-17
Let b(x) = 32*x + 451. What is b(-14)?
3
Let r(j) = -8*j**2 - 1743*j + 244. Give r(-218).
26
Let w(k) = -18*k**2 + 50*k - 20. Give w(5).
-220
Let i(f) = -297*f - 8916. Determine i(-30).
-6
Let p(l) = -17*l - 631. Give p(-33).
-70
Let h(l) = 2*l**2 - 10628*l - 63822. Determine h(-6).
18
Let x(q) = q**3 - 17*q**2 + 61*q - 80. Calculate x(10).
-170
Let c(l) = l**2 + 13*l + 15. What is c(-10)?
-15
Let l(p) = -566*p + 5094. What is l(9)?
0
Let g(n) = -n**3 + 13*n**2 - 47*n + 171. Give g(10).
1
Let c(w) = -10*w**2 - 6*w + 105. Calculate c(3).
-3
Let t(v) = -2*v**2 + 131*v - 544. Calculate t(4).
-52
Let h(x) = 2155*x + 30168. Give h(-14).
-2
Let z(b) = -15*b**2 - 36*b - 4. Calculate z(-6).
-328
Let b(q) = 100*q**2 - 63*q - 9. What is b(1)?
28
Let w(p) = p**3 + 16*p**2 - 78*p + 3. Calculate w(-19).
402
Let z(r) = r**2 - 102*r - 208. What is z(-2)?
0
Let o(l) = 2*l**3 - l**2 + 9*l - 3. What is o(6)?
447
Let j(f) = -f**3 + 68*f**2 + 15*f + 3717. What is j(69)?
-9
Let o(l) = 4*l**3 - 19*l**2 - 4*l. Calculate o(5).
5
Let v(b) = 2*b**2 - 79*b + 541. Give v(17).
-224
Let f(u) = 6*u**3 + 42*u**2 + 27*u + 1. Calculate f(-7).
-188
Let o(c) = c**3 - 14*c**2 + 57*c - 84. Give o(7).
-28
Let y(c) = c**2 - 80*c + 1483. Give y(46).
-81
Let j(d) = d**3 + d**2 - 11*d - 25. What is j(7)?
290
Let f(r) = -r**3 - 298*r**2 - 836*r + 14469. What is f(-295)?
14
Let h(f) = f**3 + 2*f**2 + 48*f + 49. Calculate h(-1).
2
Let h(l) = -2*l**2 + 5*l - 2. Determine h(4).
-14
Let o(i) = -436*i**2 + 125*i - 126. Calculate o(1).
-437
Let s(x) = 548*x - 7679. Determine s(14).
-7
Let f(v) = 2*v**2 + 306*v - 3954. What is f(12)?
6
Let y(t) = 23*t - 52. What is y(8)?
132
Let g(k) = -2*k**2 - 264*k + 1946. What is g(7)?
0
Let b(k) = -39*k - 389. Calculate b(-10).
1
Let m(w) = -13*w**2 + 611*w + 66. Give m(47).
66
Let v(x) = x**2 + 2*x - 624. Calculate v(-26).
0
Let b(a) = -34*a**2 + 751*a - 89. What is b(22)?
-23
Let w(r) = -49*r - 4089. Determine w(-82).
-71
Let b(y) = -175*y + 1596. Calculate b(8).
196
Let h(q) = -199*q + 1400. Determine h(7).
7
Let r(z) = -3*z**3 + 3*z + 143. Calculate r(0).
143
Let q(h) = -5359*h + 37524. Give q(7).
11
Let o(i) = -i**3 + 26*i**2 + 84*i - 769. What is o(28)?
15
Let z(x) = -x**2 + 33*x - 194. Give z(8).
6
Let s(i) = -i**3 + 196*i**2 + 2936*i + 852. Determine s(210).
12
Let n(z) = -z**3 + 14*z**2 + 63*z - 182. Determine n(17).
22
Let s(f) = -3459*f - 34641. Calculate s(-10).
-51
Let j(w) = -96*w + 2691. Give j(28).
3
Let d(o) = -375*o - 1496. Calculate d(-4).
4
Let t(b) = -3218*b + 12867. Give t(4).
-5
Let h(c) = c**2 + 14*c - 27. Determine h(-15).
-12
Let t(f) = 14*f - 706. Calculate t(49).
-20
Let o(v) = -14*v + 121. Calculate o(10).
-19
Let r(w) = w**3 - 10*w**2 - 44*w + 276. Determine r(12).
36
Let a(w) = -266*w + 1. Calculate a(-1).
267
Let k(r) = 11*r**2 + 219*r + 589. Determine k(-17).
45
Let i(d) = 192*d + 336. Calculate i(-2).
-48
Let s(w) = -w**3 - 12*w**2 + 294*w - 84. What is s(12)?
-12
Let h(p) = -3*p**3 - 56*p**2 - 152*p + 9. Determine h(-15).
-186
Let x(h) = 168*h - 735. What is x(4)?
-63
Let j(m) = -m**2 + 19*m + 431. Calculate j(-12).
59
Let j(n) = -98*n + 596. Give j(7).
-90
Let l(r) = -4*r**2 - 13*r - 46. Determine l(-3).
-43
Let q(d) = -d**3 - 18*d**2 - 16*d + 172. What is q(-17)?
155
Let k(o) = -11*o - 535. Calculate k(-48).
-7
Let v(f) = 21*f**3 - 20*f**2 + 54*f - 55. Calculate v(1).
0
Let m(s) = -s**2 + 78*s + 7136. Calculate m(-54).
8
Let s(a) = -90*a - 579. Give s(-7).
51
Let s(j) = -2*j**2 + 347*j - 14823. Calculate s(76).
-3
Let r(n) = -59*n - 6354. Determine r(-108).
18
Let o(n) = -n**2 + 321*n + 161308. What is o(-272)?
12
Let z(a) = -5*a**2 + 128*a - 109. Calculate z(24).
83
Let o(b) = -b**3 + 28*b**2 - 21*b + 5. Give o(27).
167
Let z(x) = -18*x + 300. Give z(7).
174
Let i(b) = 3*b**3 - 171*b + 336. What is i(2)?
18
Let j(s) = s**3 - 27*s**2 + 246*s - 1292. Give j(17).
0
Let f(b) = -12*b**2 - 14*b + 2. Determine f(-1).
4
Let i(u) = u**3 + 41*u**2 + 134*u - 68. Calculate i(-4).
-12
Let o(w) = -2*w**2 - 10*w + 40. Determine o(-6).
28
Let j(z) = 3*z**2 - 26*z + 57. Calculate j(2).
17
Let n(v) = 4*v - 19. Calculate n(-20).
-99
Let y(q) = -q**2 - 116*q + 1684. Give y(13).
7
Let b(p) = 8*p**3 + 24*p**2 + 10*p + 19. Calculate b(-3).
-11
Let t(u) = -5*u - 100. Give t(-18).
-10
Let q(v) = v**2 + 18*v + 82. What is q(-19)?
101
Let c(t) = -2*t**3 - 33*t**2 + 24*t + 105. Calculate c(-17).
-14
Let j(a) = 266*a - 2946. Determine j(11).
-20
Let n(j) = -63*j + 264. What is n(4)?
12
Let y(h) = 7*h**2 + 208*h + 1089. Determine y(-23).
8
Let s(v) = -v**3 + 6*v**2 + 9*v + 52. What is s(8)?
-4
Let r(h) = 28*h - 213. Give r(7).
-17
Let t(i) = 494*i**2 - 2969*i + 16. Determine t(6).
-14
Let d(b) = 4*b**2 + 295*b - 927. What is d(-76)?
-243
Let v(n) = -52*n + 40. Give v(2).
-64
Let g(w) = w**2 - 19*w - 227. What is g(28)?
25
Let a(p) = -p**3 + 140*p**2 + 259*p + 3463. Give a(142).
-87
Let p(o) = -9*o + 121. What is p(14)?
-5
Let f(b) = -3*b**2 + 140*b - 220. Determine f(45).
5
Let h(u) = -9*u + 444. Calculate h(46).
30
Let d(u) = u**3 + 11*u**2 - 36*u - 30. Determine d(3).
-12
Let o(p) = -4*p**2 - p + 24. Calculate o(5).
-81
Let y(c) = 2*c**2 - 38*c + 345. Calculate y(19).
345
Let c(f) = 9*f - 102. Calculate c(-4).
-138
Let r(p) = -7*p**2 + 152*p + 68. What is r(22)?
24
Let c(o) = -10*o**2 + 33*o - 2. Calculate c(7).
-261
Let v(m) = -8*m**2 - 149*m + 456. Determine v(3).
-63
Let j(g) = g**3 + 76*g**2 - 399*g + 208. Give j(-81).
-278
Let q(r) = 13*r + 1142. What is q(-78)?
128
Let m(u) = 52*u - 44. What is m(1)?
8
Let j(q) = q**3 - 3*q**2 - 54*q - 25. Determine j(10).
135
Let g(k) = 41*k + 1956. Calculate g(-48).
-12
Let m(k) = -6*k + 72. Calculate m(13).
-6
Let a(x) = -103*x - 34. What is a(1)?
-137
Let r(i) = -42*i + 712. Calculate r(15).
82
Let u(j) = 2*j**2 + 80*j + 565. What is u(-31)?
7
Let n(x) = -x**3 - 47*x**2 - 49*x - 49. Calculate n(-46).
89
Let q(i) = -i**3 + 223*i**2 - 1310*i + 28. Calculate q(6).
-20
Let m(t) = 187*t**2 - 3177*t - 19. What is m(17)?
15
Let i(r) = r**3 + 57*r**2 + 165*r + 165. Determine i(-54).
3
Let o(g) = -24*g - 84. What is o(8)?
-276
Let j(k) = 23*k + 532. Give j(-10).
302
Let q(s) = -5*s**3 - 2*s - 6. Calculate q(-2).
38
Let o(c) = -26*c - 208. Determine o(-10).
52
Let d(v) = -v**2 - 45*v + 193. Calculate d(-48).
49
Let c(j) = 5307*j - 5379. Calculate c(1).
-72
Let o(i) = 224*i**2 - 121. Calculate o(0).
-121
Let p(r) = -r**2 - 18*r + 53. Calculate p(-25).
-122
Let t(u) = -u**2 + 133*u - 3968. Determine t(45).
-8
Let j(i) = i**3 + 26*i**2 + 114*i + 136. Determine j(-21).
-53
Let t(c) = -11*c**2 + 100*c - 1. Give t(3).
200
Let p(t) = 3*t**2 - t - 3. Calculate p(-1).
1
Let b(x) = 26*x + 82. Give b(-6).
-74
Let z(x) = -6*x**2 - 106*x - 57. Calculate z(-17).
11
Let u(f) = 36*f + 266. Determine u(-7).
14
Let p(f) = f**3 - 19*f**2 + 34*f - 7. Give p(17).
-7
Let m(o) = -5*o**2 + 111*o - 524. Calculate m(5).
-94
Let v(t) = -2249*t + 152934. 